78542 is divided by 38?
36
Calculate the remainder when 78162 is divided by 3561.
3381
What is the remainder when 25059120 is divided by 928115?
15
What is the remainder when 165659 is divided by 2958?
11
Calculate the remainder when 208049 is divided by 2014.
607
Calculate the remainder when 908506 is divided by 129786.
4
What is the remainder when 5949212 is divided by 1189840?
12
What is the remainder when 199592927 is divided by 32?
31
Calculate the remainder when 23708 is divided by 23444.
264
What is the remainder when 1913814 is divided by 157?
141
What is the remainder when 2690439 is divided by 538085?
14
What is the remainder when 155621 is divided by 6645?
2786
Calculate the remainder when 6407077 is divided by 2854.
2701
Calculate the remainder when 55697 is divided by 18458.
323
What is the remainder when 637890 is divided by 2192?
18
What is the remainder when 12461721 is divided by 182?
181
Calculate the remainder when 18256 is divided by 302.
136
Calculate the remainder when 267935789 is divided by 25.
14
What is the remainder when 51314462 is divided by 1252?
1242
Calculate the remainder when 531018 is divided by 3473.
3122
Calculate the remainder when 171952334 is divided by 70.
64
Calculate the remainder when 15828310 is divided by 168386.
26
Calculate the remainder when 24747 is divided by 2888.
1643
What is the remainder when 336591 is divided by 3366?
3357
Calculate the remainder when 3947719 is divided by 438632.
31
Calculate the remainder when 201316607 is divided by 64.
63
Calculate the remainder when 62361 is divided by 2547.
1233
Calculate the remainder when 21633 is divided by 255.
213
Calculate the remainder when 1238287 is divided by 356.
119
What is the remainder when 9735618 is divided by 312?
282
Calculate the remainder when 73133 is divided by 188.
1
Calculate the remainder when 59686 is divided by 28373.
2940
What is the remainder when 1039402341 is divided by 24?
21
Calculate the remainder when 254729233 is divided by 6481.
9
What is the remainder when 862769 is divided by 88?
17
What is the remainder when 20111 is divided by 8694?
2723
Calculate the remainder when 512749 is divided by 256350.
49
What is the remainder when 39931 is divided by 3257?
847
What is the remainder when 69737 is divided by 22688?
1673
Calculate the remainder when 37825046 is divided by 117.
116
What is the remainder when 797445 is divided by 3089?
483
Calculate the remainder when 888136 is divided by 73997.
172
Calculate the remainder when 82898874 is divided by 124.
38
What is the remainder when 371001 is divided by 174?
33
What is the remainder when 268838 is divided by 268762?
76
What is the remainder when 620209 is divided by 31010?
9
What is the remainder when 69569713 is divided by 65?
18
What is the remainder when 44865745 is divided by 343?
316
What is the remainder when 19678224 is divided by 983909?
44
Calculate the remainder when 475924 is divided by 156691.
5851
What is the remainder when 15666746 is divided by 825?
821
Calculate the remainder when 353289 is divided by 88037.
1141
What is the remainder when 33933 is divided by 1885?
3
Calculate the remainder when 733584 is divided by 7973.
68
Calculate the remainder when 1515886 is divided by 1515846.
40
What is the remainder when 3691 is divided by 185?
176
Calculate the remainder when 1919231 is divided by 2856.
2855
Calculate the remainder when 10648076 is divided by 720.
716
Calculate the remainder when 14928660 is divided by 130953.
18
Calculate the remainder when 79438 is divided by 2141.
221
Calculate the remainder when 23192 is divided by 7571.
479
What is the remainder when 124680 is divided by 12472?
12432
What is the remainder when 12356049 is divided by 45?
39
What is the remainder when 54477502 is divided by 698?
696
What is the remainder when 19579618 is divided by 645?
643
Calculate the remainder when 411724 is divided by 2058.
124
What is the remainder when 70411610 is divided by 179?
170
Calculate the remainder when 1186427 is divided by 1967.
326
What is the remainder when 19758050 is divided by 6586015?
5
Calculate the remainder when 338109 is divided by 19880.
149
Calculate the remainder when 21687089 is divided by 5421759.
53
Calculate the remainder when 38216 is divided by 18652.
912
Calculate the remainder when 201020 is divided by 1196.
92
What is the remainder when 1151827 is divided by 25039?
33
Calculate the remainder when 1330339 is divided by 198.
175
What is the remainder when 854 is divided by 187?
106
Calculate the remainder when 2577073 is divided by 2577037.
36
Calculate the remainder when 49527 is divided by 49248.
279
Calculate the remainder when 1624200 is divided by 541331.
207
Calculate the remainder when 1264230 is divided by 675.
630
Calculate the remainder when 23081066 is divided by 7693687.
5
What is the remainder when 16967649 is divided by 52?
49
What is the remainder when 164865 is divided by 5143?
289
What is the remainder when 243022172 is divided by 236?
228
Calculate the remainder when 830108 is divided by 84.
20
Calculate the remainder when 33201742 is divided by 2517.
2512
Calculate the remainder when 35900344 is divided by 122.
14
Calculate the remainder when 136928697 is divided by 50.
47
Calculate the remainder when 3000949 is divided by 470.
469
Calculate the remainder when 27251144 is divided by 468.
440
What is the remainder when 480226 is divided by 484?
98
Calculate the remainder when 1940053 is divided by 47.
34
What is the remainder when 16736 is divided by 8138?
460
What is the remainder when 4190959 is divided by 314?
1
What is the remainder when 342900 is divided by 121?
107
Calculate the remainder when 146689 is divided by 5231.
221
Calculate the remainder when 2302648 is divided by 1505.
1503
What is the remainder when 29349018 is divided by 4192715?
13
Calculate the remainder when 68496 is divided by 21249.
4749
Calculate the remainder when 4194999 is divided by 42.
39
What is the remainder when 745330 is divided by 372620?
90
Calculate the remainder when 19887 is divided by 5365.
3792
Calculate the remainder when 2493411 is divided by 993.
981
Calculate the remainder when 8156023 is divided by 1075.
1073
Calculate the remainder when 3931781 is divided by 2870.
2751
Calculate the remainder when 609731 is divided by 203166.
233
Calculate the remainder when 6526549 is divided by 126.
1
Calculate the remainder when 61791 is divided by 3391.
753
Calculate the remainder when 102287 is divided by 4765.
2222
What is the remainder when 5146059 is divided by 249?
225
What is the remainder when 83180 is divided by 4885?
135
Calculate the remainder when 1112752 is divided by 46252.
2704
What is the remainder when 2217033 is divided by 1549?
414
What is the remainder when 2256926 is divided by 259?
0
Calculate the remainder when 1504518 is divided by 58.
56
What is the remainder when 3985882 is divided by 442828?
430
Calculate the remainder when 61583 is divided by 5098.
407
Calculate the remainder when 29462 is divided by 4046.
1140
Calculate the remainder when 1759357 is divided by 19548.
37
What is the remainder when 38337366 is divided by 403551?
21
What is the remainder when 9559989 is divided by 1014?
1011
Calculate the remainder when 31753223 is divided by 27.
8
Calculate the remainder when 75322 is divided by 943.
825
Calculate the remainder when 70509948 is divided by 10.
8
Calculate the remainder when 434454 is divided by 434440.
14
Calculate the remainder when 56286880 is divided by 18762293.
1
What is the remainder when 1266060 is divided by 1004?
16
Calculate the remainder when 35077 is divided by 2900.
277
What is the remainder when 1536926 is divided by 139715?
61
What is the remainder when 1616036 is divided by 411?
395
Calculate the remainder when 103809183 is divided by 151.
5
What is the remainder when 16288 is divided by 16030?
258
What is the remainder when 65157580 is divided by 21?
19
Calculate the remainder when 2122747 is divided by 1359.
1348
Calculate the remainder when 533281 is divided by 532865.
416
Calculate the remainder when 22801357 is divided by 2708.
2705
What is the remainder when 41569458 is divided by 197?
94
Calculate the remainder when 26864861 is divided by 336.
317
Wh